 the thousands digit of k?
3
Suppose -3*j - 7*r + 20791 = -8*r, 5*j = -2*r + 34637. What is the units digit of j?
9
What is the tens digit of ((-1 + 61)/2)/((-36)/(-40416)) + 7?
8
Suppose 32798 - 163727 = -19*b. What is the hundreds digit of b?
8
Suppose t + 4*q + 20 = 3*t, 2*t - 32 = -2*q. Let m be (-1)/(-2)*(t + -10). What is the hundreds digit of 138 - (-3 + m + 3)?
1
What is the ten thousands digit of (348720/(-280))/(0 - 3/63)?
2
Let r(f) = f**2 + 12*f - 37. Let m be r(-14). Let w = -5 - m. What is the tens digit of ((-1)/2)/(w - 6438/1608)?
3
Suppose 11*q + 10*q + 22680 = 0. What is the units digit of q/(-21)*70/4?
0
Let z(i) be the third derivative of -i**6/120 + i**5/6 - i**4/12 + 3*i**3/2 - 5*i**2. Let o = 115 - 106. What is the units digit of z(o)?
2
Suppose -116593 - 665207 = -60*u. What is the hundreds digit of u?
0
Let p(z) = -z**3 + 4*z**2 + 6*z + 12. Let q be p(6). Let a = q + 44. Suppose 5*n - 3*w - 63 = 13, -n + 3*w = -a. What is the units digit of n?
4
Suppose 14*k + 18307 = 43997 + 64792. What is the hundreds digit of k?
4
Let u be (0 - (6 + -18) - 6) + -4. Let w be (-1642)/(-14) + 12/(-42). Suppose -4*y - w = -u*j - y, 2*y = -j + 76. What is the units digit of j?
6
Suppose -73*a - 2*s - 22778 = -78*a, -4*a + 18208 = 2*s. What is the tens digit of a?
5
Let v be (-84)/70 + (-3092)/(-10). Suppose 0 = 316*w - v*w - 8232. What is the units digit of w?
9
Suppose 0 = -2*r - 3*r + 2*h + 1679, 4*h + 325 = r. Let v = r - -90. What is the hundreds digit of v?
4
Let d(g) = 44*g + 246. Let s = 683 - 665. What is the thousands digit of d(s)?
1
What is the tens digit of (-6*(-50574)/18 - -8) + 8/4?
6
Let c = 423 + -433. What is the tens digit of 2596/c*(-7 + (-8)/(-4))?
9
Let z(r) = r**2 - 4*r - 22. Suppose -p = 3*p - 3*i - 22, 0 = p + i - 2. Suppose x - 12 = -2*x, p*d - 5*x = 24. What is the units digit of z(d)?
5
Suppose 2*o + 8 = 4*v, 5*o - 10 = 2*v + 2. Suppose -n + v = 0, 0*k - 4*k + 4*n + 5320 = 0. What is the units digit of k?
4
Suppose 0 = 84*f - 85*f + 2. Suppose f*i = 10*i - 1600. Suppose -i = 36*a - 38*a. What is the hundreds digit of a?
1
Let f(l) = 13*l**2 - 57*l - 76. What is the thousands digit of f(25)?
6
Let t(v) be the second derivative of v**5/20 - 5*v**4/12 + v**3/6 - 7*v**2 - v. Let u be t(5). Let k(w) = -w**2 - 9*w + 1. What is the units digit of k(u)?
1
Let u(p) = 608*p - 601. What is the thousands digit of u(9)?
4
Suppose 2*w = t + 5, -16 = -5*w + 4*w - 4*t. Let g(i) = 13*i**3 - 10*i**2 - 3*i + 18. What is the tens digit of g(w)?
7
What is the ten thousands digit of (130/195)/((-2)/(-6))*60046/4?
3
Let y = -47 + 74. Suppose 0 = w - 10*w + y. Suppose -5*m + w*m + 2*b = -304, -5*b - 148 = -m. What is the units digit of m?
3
Suppose 3 = f, 6690 = 3*t + 4*f - 13797. What is the thousands digit of t?
6
Let z(p) = -4*p + 713. Let q be z(0). Suppose 5*n = -2*i + 1170, 4*n + q = 7*n - i. What is the units digit of n?
6
Let t(l) = 71*l**2 - 5*l - 3. Suppose -2*h + 7 - 9 = 0. What is the units digit of t(h)?
3
What is the units digit of (6/21 - 64/(-21))*175644/246?
0
Let u = -36 + 15. Let t be (u/15*-5)/((-1)/(-8)). Let y = -23 + t. What is the units digit of y?
3
Let f(h) = 2*h**3 + 38*h**2 + 1. Let g be (2/6)/((-1)/54). What is the tens digit of f(g)?
4
Let q = 42365 - 20452. What is the thousands digit of q?
1
Suppose -226*m + 110*m + 110*m + 55224 = 0. What is the tens digit of m?
0
What is the units digit of 22/99 + (-3)/(27/(-305188)) + -3?
7
Let w(o) = -4*o - 81. Let t be w(10). What is the tens digit of 3386/4 + t/(-22) + -4?
4
Suppose 2*l + 3 + 12 = 3*f, 5*f - 4*l - 27 = 0. Let z be (-70)/(20/(-4)) + f. Let c(s) = 17*s - 40. What is the units digit of c(z)?
9
Let q be (-9)/(-6) - 21/(-14). What is the tens digit of 54/((-62)/(-168)*q + -1)?
0
Let t be 18*(-1 - (-7)/(-21)). What is the hundreds digit of t/(18/(-4)*26/1092)?
2
Let g(v) = 357*v - 1114. What is the thousands digit of g(23)?
7
What is the ten thousands digit of (-1)/(-2)*(-13 + 3) + (-3345520)/(-155)?
2
Suppose 23*f - 812018 = -243*f + 6235386. What is the ten thousands digit of f?
2
What is the units digit of (-146377)/(-35) + (-132)/(-165)?
3
Let w(c) = -6*c - 17. Let g be w(-3). What is the units digit of (8 + -7)/(g - 1044/1046)?
3
Let y(q) = 3*q**3 - 9*q**2 + 4*q - 40. Let x be y(10). Suppose 0 = 314*z - 321*z + x. What is the tens digit of z?
0
Let x(n) = 3*n - 34. Let k(v) = 11*v - 104. Let j(t) = 2*k(t) - 7*x(t). Suppose -71 = 5*o - 6. What is the units digit of j(o)?
7
Let i be (8/(-16))/(-1 - 69/(-72)). Let m(w) = 3*w**2 - 27*w + 77. What is the hundreds digit of m(i)?
1
Let w = -1966 - -2465. What is the tens digit of w?
9
Suppose -7*q = -2 + 2. Suppose q = 5*v - u - 1308, 3*v = -4*u + 3*u + 780. What is the tens digit of v?
6
Let p be (124/(3 + -5))/(-1). Let o = p + -83. What is the hundreds digit of 1*-321*7/o?
1
Suppose -5*q = 20, 4*c = 457*q - 459*q + 69892. What is the tens digit of c?
7
Let m(y) = 1 + y**2 + 0*y - 5*y + 2 + 1. Let j be m(5). What is the tens digit of j - (-69 - (-2 + 2))?
7
Let h(b) = 3*b**2 + 18*b + 6. Let d be h(-6). Let o(z) = 182*z - 98. What is the tens digit of o(d)?
9
Let w(g) = g**3 + 62*g**2 + 222*g + 167. What is the tens digit of w(-46)?
1
Let r(x) = -889*x**3 + 3*x**2 + 7*x. Suppose -2*w + 47 - 49 = 0. What is the tens digit of r(w)?
8
Let b be 0/79 - 3699/(-2 + 1). Suppose -11*p + 1141 = -b. What is the hundreds digit of p?
4
Suppose 2*g - 14 = -2*x + 38, 4*g + 3*x = 107. Suppose w - g - 296 = 0. What is the hundreds digit of w?
3
Let c = 17010 + 2414. What is the thousands digit of c?
9
Let m = 89720 + -38943. What is the thousands digit of m?
0
Suppose -5*v + 39985 = -5*j, -4*j = 25*v - 24*v - 8017. What is the tens digit of v?
0
Suppose -28 = 229*c - 233*c. What is the hundreds digit of (-236149)/(-749) - (1 + (-5)/c)?
3
Suppose 37*h - 38616 = 603643 + 205115. What is the tens digit of h?
0
Let i = 49 - 45. Let t(q) = 4*q**3 - 3*q**2 - 2*q - 5. Let c be t(3). Suppose k + 3*j - i - c = 0, 5*k + 2*j - 422 = 0. What is the units digit of k?
6
Let u = 46724 - 10566. What is the tens digit of u?
5
Let c(n) = 9*n**3 + 43*n**2 + 33*n - 3. What is the tens digit of c(18)?
1
Let m(i) = 5*i - 22. Let o be m(13). Suppose -3*k + 252 = -3*d, 2*k + d = o + 113. Suppose -3*b = -b - k. What is the units digit of b?
0
Let k(d) = -d**2 - 15*d + 3. Suppose 0*l = -3*l - 45. Let b be k(l). Suppose 9*o - 570 = b*o. What is the units digit of o?
5
Suppose -1 = -2*o - 17. Let g(k) = -k + 13. Let s be g(o). What is the tens digit of 9/s - 284/(-7)?
4
Let h = -15911 - -25592. What is the thousands digit of h?
9
Let o(r) = 50*r - 156. Let k be o(5). Suppose k*i - 546 = 91*i. What is the tens digit of i?
8
Suppose b + 5*x - 27 = 0, -b + 2*x - 12 = -2*b. Suppose -3*s = -5*d + 40, s = -d + b*s + 10. What is the units digit of 4/d*(5 + -3 - -3)?
4
Suppose -3*c + 8*j + 27648 = 4*j, 18432 = 2*c + 2*j. What is the units digit of c?
6
Let o(z) = -29*z**3 - 8*z**2 - 10*z - 5. What is the tens digit of o(-4)?
6
Suppose -3*p - 11 + 20 = 0. Suppose -2*f + 24 = 3*w - 4, -3*w = 5*f - 25. Suppose p = -5*o - v + 8, -w = 2*v. What is the units digit of o?
2
Let v = 32774 - 15418. What is the thousands digit of v?
7
Let k(u) = -u**3 - 8*u**2 - 13*u - 4. Let y be k(-6). Suppose y*t = -t + 2*j + 319, -5*t + 3*j + 532 = 0. What is the hundreds digit of t?
1
Let d(n) = 710*n + 11851. What is the tens digit of d(9)?
4
Suppose -210*k + 361057 = -13187933. What is the units digit of k?
9
Let b(f) = 25*f**2 + 4*f - 3. Let n = -572 + 576. What is the hundreds digit of b(n)?
4
Let q = -20844 + 33006. What is the tens digit of q?
6
Let k(u) = 4*u**2 + 40*u + 98. What is the units digit of k(28)?
4
Suppose 0 = -3*c + 5*b - 94 + 1776, 0 = -5*c + 3*b + 2830. Let s = c + -215. What is the units digit of s?
4
Let h be ((-8)/(-20))/((-2)/(-10)) - -1. Let o(k) = 64 + 0*k + 2*k**2 - k + 4*k + 29*k**h - 69. What is the tens digit of o(2)?
4
Suppose -5*p + 9958 - 42493 = -5*k, 0 = -5*k - 4*p + 32580. Suppose -760 = -9*f + k. What is the hundreds digit of f?
8
What is the hundreds digit of (3 + 2242)*(1820/(-25))/(-4)?
8
Let c = -6 + 0. Let t(d) = -3*d**3 + 13*d**2 + 19*d + 8. Let j(f) = -2*f**3 + 12*f**2 + 19*f + 6. Let q(k) = -4*j(k) + 3*t(k). What is the units 